86 + 72 = q*i, -4*i - 648 = -4*g. What are the prime factors of g?
2, 41
Let k(d) = 42*d**2 - 1. Let p = 121 + -120. Let i be k(p). Suppose -v - 5*q = -i, -60 = -0*v - 2*v + q. List the prime factors of v.
31
Let n = -16809 + 42465. What are the prime factors of n?
2, 3, 1069
Suppose -13*t - 37 = -63. Suppose -t*v - 13 = -1675. List the prime factors of v.
3, 277
Let f(g) = 26*g - 11 - 13 + 10. What are the prime factors of f(9)?
2, 5, 11
Let k(s) = s**3 - 9*s**2 - 9*s - 2. Let o be k(8). Let i = 78 + o. Let g = -47 - i. What are the prime factors of g?
13
Let w be 316/44 - 4*1/22. Let n(k) = -k**2 + 8*k + 3. Let y be n(w). Suppose -8*i + 3*i = -y. What are the prime factors of i?
2
Let a be (21/14)/((-6)/(-20)). Suppose z = -3*j + 5, j - 69 = -a*z - 3*j. Suppose -z = 5*v - 2*k - 177, 2*v - 93 = -5*k. List the prime factors of v.
2, 17
Suppose -u = -3*u + 100. Let s = u - 46. Suppose -5*p + 449 = -m, 0*p - m - 360 = -s*p. What are the prime factors of p?
89
Let r = 394 - 114. Let q = 811 - r. What are the prime factors of q?
3, 59
Suppose -2*d = -d + 1, d - 19 = -4*q. Suppose -44 = 3*u - q*h, h - 35 = 5*u + 9. What are the prime factors of (u/12)/(-3*(-4)/(-2898))?
7, 23
Let b(l) = l**3 + 9*l**2 - 43*l - 37. Let i be b(-18). Let v = 3654 + i. What are the prime factors of v?
5, 59
Let f = 7765 - 1098. List the prime factors of f.
59, 113
Let p = -21472 + 37893. What are the prime factors of p?
16421
Suppose 597*j - 658*j + 85888 = 0. List the prime factors of j.
2, 11
Let b(y) = 448*y**3 + 4*y**2 + 2*y - 4. What are the prime factors of b(2)?
2, 3, 5
Let j(i) = -176*i + 3487. What are the prime factors of j(-34)?
3, 7, 11, 41
Let v(c) = 1036*c + 2757. What are the prime factors of v(19)?
22441
Let j be (1 - 5) + 40 - 3. Let x = j - 31. List the prime factors of (x*565/(-15))/((-2)/3).
113
Let z = 244 - 151. What are the prime factors of (z/(-6))/(1/(-22))?
11, 31
Let a(b) = 5*b + 83. Suppose -i - 14 = 2*m + 8, 70 = -4*i - 2*m. List the prime factors of a(i).
3
Suppose 5*x + l = 48306, 27*l - 30*l = x - 9650. What are the prime factors of x?
2, 4831
Let w(f) = 6*f**2 + 117*f + 230. List the prime factors of w(-44).
2, 17, 197
Suppose 2*n + 29862 = 4*j, -4*j - 7*n = -6*n - 29877. List the prime factors of j.
2, 1867
Let l be 2/(-7) + (-988)/(-28) + 0. Let s = 678 - l. List the prime factors of s.
643
Let o(n) = -474*n - 2. Let h be o(-4). Let w = h - 1012. List the prime factors of (w/56)/((-1)/(-4)).
3, 7
Suppose v - 4 = -3*k, 0*v - 20 = -5*v + 5*k. Suppose v*b - 2298 = f - 318, 4*f = -b + 495. List the prime factors of b.
3, 5, 11
Suppose -4*z - 3*q = -23, 0 = -3*z + z + 2*q + 8. Suppose 4*h = 3*h + z. Suppose -6*s + 75 = -2*s + h*y, -s = y - 20. What are the prime factors of s?
5
Suppose -g + 1 = -6. Suppose 4*b - 36 = 5*z, -5*z + g*b - 38 = 5*b. List the prime factors of ((-1)/(-5)*z)/((-10)/600).
2, 3
Let b(u) = 8*u**3 - 10197*u + 5*u**2 - u**3 + 10195*u - 9. List the prime factors of b(4).
7, 73
Let r(v) be the third derivative of v**6/120 - v**5/12 + v**4/24 + 41*v**3/6 + 3*v**2 - 6. List the prime factors of r(6).
83
Suppose 1168 = 2*w + r - 5378, r = 2*w - 6554. What are the prime factors of w?
5, 131
Let h(k) = 28*k**2 + 14*k - 37. What are the prime factors of h(10)?
2903
Let y(l) = 25890*l**2 + 541*l + 540. List the prime factors of y(-1).
25889
Let s be 3/(-6)*(-16 - -6). Suppose r + s*r - 912 = 0. Let v = r - 102. What are the prime factors of v?
2, 5
Let f(v) = -264*v + 1380. List the prime factors of f(-47).
2, 3, 383
Let g(a) = 2*a**2 - 44*a + 3. Let j be g(22). Suppose -2*l - 5*f + 1855 = -0*f, -l + 930 = j*f. List the prime factors of l.
3, 5, 61
Let t be 165/(-275)*(-10)/6. What are the prime factors of 3 + -5 + t + 558?
557
Suppose 0 = 4*q - 24*q + 1178950 - 16810. What are the prime factors of q?
3, 7, 2767
What are the prime factors of 14/((-728)/39) - 43703/(-4)?
5, 19, 23
Let n(p) = -p**2 - p. Let t(h) = -4*h**2 - 4*h + 12. Let f(z) = -3*n(z) + t(z). Let a be f(3). Suppose 8*b - 10*b + 146 = a. What are the prime factors of b?
73
Let m(n) = n**3 + 19*n**2 + 11*n - 60. Let s be m(-20). What are the prime factors of (s/(-25))/(-6 + (-760)/(-125))?
2, 5, 17
Suppose -147*g = 10*g - 1814135. What are the prime factors of g?
5, 2311
Let r(q) = 20*q**3 + 3*q**2 - 3*q - 1. Let p be r(3). Suppose p*i = 559*i - 1714. List the prime factors of i.
857
List the prime factors of (312/(-208))/(8639/(-4318) + 2).
17, 127
Suppose 5*f = 5, -i - 3*f + 5*f = -76. Let l = -2 + i. List the prime factors of l.
2, 19
Let d be (10/(-12)*-1)/((-12)/(-72)). Suppose u + d*k = 510, 30*u + 2*k = 27*u + 1595. List the prime factors of u.
5, 107
Let q be -4 - (0 - (-4 + -7)). What are the prime factors of ((-12)/q)/(35/3150)?
2, 3
Let u(p) = p**2 - 13*p - 28. Let w be u(15). Suppose w*i + 1345 = -5*o + 4935, 721 = o + i. What are the prime factors of o?
2, 179
Suppose -2 = 9*l - 8*l + v, 4*l - 5*v = 37. Suppose 2*u - 1531 = -3*m, -u - 326 - 1208 = -l*m. List the prime factors of m.
7, 73
Let j(x) be the first derivative of 31*x**3/3 - 6*x - 7. Let v be j(-2). Suppose -a + v = 4*d, -d - d + 444 = 4*a. What are the prime factors of a?
2, 5, 11
Let j(g) = -205*g**2 + 12*g + 6. Let x(s) = 204*s**2 - 14*s - 7. Let q(i) = -4*j(i) - 3*x(i). List the prime factors of q(-2).
29
Suppose -2*m - 112151 = -3*z, -60*m - 74779 = -2*z - 61*m. What are the prime factors of z?
7, 109
Let v = -160 - -158. List the prime factors of 46 - ((-12)/(-6))/v.
47
Suppose 4*v = 10*v - 42. Suppose -v*y - 581 = -8*y. List the prime factors of y.
7, 83
What are the prime factors of 2/8*-6*(-32)/48*8955?
3, 5, 199
Let u(q) = -q**3 - 26*q**2 - 48*q + 9. Let j be u(-25). Suppose -y + j = 300. List the prime factors of y.
2, 71
Suppose d + 1 = 3*n, -12*d = -9*d - 3*n - 3. Suppose -4844 = -d*m - 2*u - 1540, -2*m + 5*u + 3318 = 0. What are the prime factors of m?
2, 827
Suppose 78679 = 42*g - 910379. List the prime factors of g.
23549
Suppose -35859 = -5*p - 2*k, 44*p + 2*k = 41*p + 21513. List the prime factors of p.
3, 797
Let y(u) = 18*u**2 + 321*u + 102. List the prime factors of y(-37).
3, 4289
Let o = 32 - 91. Let j = 115 - o. What are the prime factors of j?
2, 3, 29
Let a be -3 + (-41)/(-13) - (-33)/39. Let v(o) = 0*o**3 - 2 + 0*o + 5*o**3 - a + 4*o - 3*o**2. List the prime factors of v(2).
3, 11
Let s(f) = -f**2 + 6*f + 9. Let d be s(7). Suppose d*v + 0*v + 4 = 0. Let b(y) = -50*y + 5. List the prime factors of b(v).
3, 5, 7
Suppose 16*f + 9*f - 28*f = 0. Suppose f = -57*g + 22*g + 61460. List the prime factors of g.
2, 439
Suppose 5*x - 18 = 3*x. Suppose i - 11 = x. Suppose -21*v + i*v = -119. What are the prime factors of v?
7, 17
Let c(g) = 2*g**2 - 10*g + 10. Let l = -49 + 53. Let i be c(l). Suppose 203 + 37 = i*o. List the prime factors of o.
2, 3, 5
Let q = -7750 + 17526. What are the prime factors of q?
2, 13, 47
Let m be (-5)/(-20)*1*220. Suppose -m*r = -56*r + 760. List the prime factors of r.
2, 5, 19
List the prime factors of 316818/72 + (3 - 6*(-9)/(-24)).
3, 163
Let v(x) = -40*x**3 + 4*x**2 + 9. Let p be v(4). What are the prime factors of (80/(-15) - -4) + p/(-9)?
5, 11
Let m(q) = -3*q**3 - 20*q**2 + 4*q - 18. List the prime factors of m(-16).
2, 3, 1181
Let w = 39716 + -27820. List the prime factors of w.
2, 1487
Let g = 733 + -744. Let s(r) = -r**3 - 13*r**2 - 26*r - 27. What are the prime factors of s(g)?
17
Let h(b) = 2*b**3 + 15*b**2 + 8*b - 10. Let g be h(-9). Let w = g + 984. What are the prime factors of w?
659
Suppose -6*l - 617 = -3083. Let k = 821 - l. List the prime factors of k.
2, 5, 41
Suppose 7*o - 2*o = -5*h + 25, -15 = 2*o - 3*h. Suppose o = 18*b + 977 + 571. Let a = 99 + b. What are the prime factors of a?
13
List the prime factors of -12 + 17 + -3 + 7924.
2, 3, 1321
Suppose 0 = -97*b + 102*b - 40. Let s(q) be the third derivative of q**4/8 + 11*q**3/6 + 17*q**2. What are the prime factors of s(b)?
5, 7
Let p(f) = -7*f**3 - 39*f**2 + 64*f + 103. Let g(m) = 10*m**3 + 58*m**2 - 96*m - 155. Let a(j) = 5*g(j) + 7*p(j). List the prime factors of a(-10).
2, 3, 7, 23
Suppose -z = -4, 119*l - 116*l - 3*z = 16173. List the prime factors of l.
5, 13, 83
Suppose -3*q + 2385 - 1301 = -11765. List the prime factors of q.
4283
Let m(q) = 9*q**2 + 16*q**2 - 